?
4
What is the units digit of 30771?
1
What is the units digit of 1463?
3
What is the tens digit of 34202?
0
What is the units digit of 877?
7
What is the tens digit of 4926?
2
What is the hundreds digit of 2499?
4
What is the units digit of 1484?
4
What is the tens digit of 23682?
8
What is the thousands digit of 1197?
1
What is the hundreds digit of 24088?
0
What is the thousands digit of 1216?
1
What is the tens digit of 27610?
1
What is the tens digit of 5866?
6
What is the hundreds digit of 26078?
0
What is the hundreds digit of 8297?
2
What is the tens digit of 6490?
9
What is the thousands digit of 2366?
2
What is the thousands digit of 1549?
1
What is the thousands digit of 20730?
0
What is the tens digit of 9357?
5
What is the units digit of 29982?
2
What is the units digit of 1364?
4
What is the tens digit of 67?
6
What is the tens digit of 30156?
5
What is the ten thousands digit of 41726?
4
What is the thousands digit of 15594?
5
What is the hundreds digit of 2119?
1
What is the thousands digit of 2839?
2
What is the units digit of 2269?
9
What is the thousands digit of 3278?
3
What is the units digit of 42569?
9
What is the units digit of 552?
2
What is the hundreds digit of 1543?
5
What is the hundreds digit of 1076?
0
What is the ten thousands digit of 16275?
1
What is the thousands digit of 1304?
1
What is the hundreds digit of 38229?
2
What is the hundreds digit of 16928?
9
What is the ten thousands digit of 43323?
4
What is the hundreds digit of 33690?
6
What is the hundreds digit of 316?
3
What is the hundreds digit of 1760?
7
What is the tens digit of 577?
7
What is the units digit of 1121?
1
What is the hundreds digit of 519?
5
What is the units digit of 2525?
5
What is the tens digit of 741?
4
What is the hundreds digit of 1248?
2
What is the tens digit of 3234?
3
What is the units digit of 756?
6
What is the units digit of 42139?
9
What is the tens digit of 5996?
9
What is the hundreds digit of 786?
7
What is the tens digit of 7101?
0
What is the hundreds digit of 336?
3
What is the hundreds digit of 10697?
6
What is the hundreds digit of 11701?
7
What is the units digit of 6336?
6
What is the tens digit of 162?
6
What is the tens digit of 6341?
4
What is the tens digit of 1222?
2
What is the units digit of 5820?
0
What is the thousands digit of 6263?
6
What is the hundreds digit of 1547?
5
What is the units digit of 4503?
3
What is the hundreds digit of 16656?
6
What is the tens digit of 540?
4
What is the tens digit of 15814?
1
What is the thousands digit of 176867?
6
What is the tens digit of 179463?
6
What is the units digit of 2253?
3
What is the hundreds digit of 89358?
3
What is the hundreds digit of 130084?
0
What is the tens digit of 1501?
0
What is the units digit of 13431?
1
What is the tens digit of 3045?
4
What is the hundreds digit of 1505?
5
What is the thousands digit of 33389?
3
What is the hundreds digit of 4194?
1
What is the units digit of 159?
9
What is the tens digit of 2958?
5
What is the ten thousands digit of 19031?
1
What is the units digit of 539?
9
What is the hundreds digit of 107672?
6
What is the units digit of 38980?
0
What is the units digit of 808?
8
What is the thousands digit of 47329?
7
What is the ten thousands digit of 164665?
6
What is the hundreds digit of 256?
2
What is the tens digit of 126620?
2
What is the thousands digit of 2148?
2
What is the ten thousands digit of 53449?
5
What is the ten thousands digit of 11839?
1
What is the tens digit of 8843?
4
What is the units digit of 144658?
8
What is the tens digit of 52?
5
What is the tens digit of 7335?
3
What is the tens digit of 37821?
2
What is the tens digit of 10267?
6
What is the thousands digit of 1607?
1
What is the hundreds digit of 142?
1
What is the units digit of 2397?
7
What is the ten thousands digit of 31818?
3
What is the units digit of 6281?
1
What is the units digit of 6032?
2
What is the tens digit of 61?
6
What is the tens digit of 4693?
9
What is the tens digit of 528?
2
What is the thousands digit of 3591?
3
What is the tens digit of 33147?
4
What is the tens digit of 2011?
1
What is the thousands digit of 4291?
4
What is the hundreds digit of 1150?
1
What is the ten thousands digit of 61330?
6
What is the units digit of 2042?
2
What is the units digit of 1167?
7
What is the tens digit of 20?
2
What is the tens digit of 1260?
6
What is the hundreds digit of 410?
4
What is the tens digit of 9336?
3
What is the tens digit of 14584?
8
What is the units digit of 675?
5
What is the thousands digit of 4955?
4
What is the thousands digit of 4694?
4
What is the units digit of 95?
5
What is the units digit of 71?
1
What is the hundreds digit of 6368?
3
What is the tens digit of 18510?
1
What is the tens digit of 1295?
9
What is the hundreds digit of 34914?
9
What is the tens digit of 636?
3
What is the thousands digit of 1106?
1
What is the hundreds digit of 1780?
7
What is the units digit of 1941?
1
What is the units digit of 4384?
4
What is the tens digit of 177860?
6
What is the tens digit of 993?
9
What is the tens digit of 14019?
1
What is the hundreds digit of 1191?
1
What is the thousands digit of 5577?
5
What is the thousands digit of 27597?
7
What is the tens digit of 158094?
9
What is the ten thousands digit of 128704?
2
What is the units digit of 1761?
1
What is the units digit of 546?
6
What is the tens digit of 6846?
4
What is the tens digit of 6137?
3
What is the units digit of 54897?
7
What is the hundreds digit of 768?
7
What is the hundreds digit of 1676?
6
What is the ten thousands digit of 147079?
4
What is the hundreds digit of 302?
3
What is the tens digit of 13254?
5
What is the ten thousands digit of 16203?
1
What is the tens digit of 39?
3
What is the thousands digit of 7824?
7
What is the tens digit of 134?
3
What is the tens digit of 865?
6
What is the units digit of 982?
2
What is the thousands digit of 112680?
2
What is the units digit of 408?
8
What is the units digit of 4981?
1
What is the units digit of 4213?
3
What is the hundreds digit of 8156?
1
What is the hundreds digit of 59622?
6
What is the tens digit of 41739?
3
What is the hundreds digit of 39071?
0
What is the ten thousands digit of 124996?
2
What is the tens digit of 984?
8
What is the thousands digit of 1009?
1
What is the thousands digit of 5285?
5
What is the tens digit of 930?
3
What is the thousands digit of 64992?
4
What is the units digit of 15560?
0
What is the hundreds digit of 646?
6
What is the thousands digit of 2677?
2
What is the tens digit of 1139?
3
What is the thousands digit of 58443?
8
What is the units digit of 2974?
4
What is the thousands digit of 3092?
3
What is the thousands digit of 3159?
3
What is the thousands digit of 14192?
4
What is the thousands digit of 25115?
5
What is the tens digit of 2402?
0
What is the thousands digit of 5261?
5
What is the tens digit of 20329?
2
What is the units digit of 2824?
4
What is the tens digit of 402?
0
What is the units digit of 8?
8
What is the hundreds digit of 761?
7
What is the units digit of 56069?
9
What is the hundreds digit of 3493?
4
What is the thousands digit of 1388?
1
What is the thousands digit of 9452?
9
What is the hundreds digit of 5982?
9
What is the thousands digit of 5163?
5
What is the units digit of 783?
3
What is the thousands digit of 1609?
1
What is the tens digit of 983?
8
What is the units digit of 5335?
5
What is the units digit of 24236?
6
What is the hundreds digit of 25840?
8
What is the hundreds digit of 133235?
2
What is the hundreds digit of 16555?
5
What is the tens digit of 4226?
2
What is the tens digit of 8486?
8
What is the thousands digit of 41853?
1
What is the units digit of 39725?
5
What is the tens digit of 7429?
2
What is the hundreds digit of 4021?
0
What is the tens digit of 10937?
3
What is the tens digit of 2225?
2
What is the units digit of 125?
5
What is the units digit of 3509?
9
What is the ten thousands digit of 144914?
4
What is the units digit of 4706?
6
What is the thousands digit of 21780?
1
What is the tens digit of 8627?
2
What is the tens digit of 2841?
4
What is the thousands digit of 1053?
1
What is the tens digit of 4109?
0
What is the tens digit of 1833?
3
What is the hundreds digit of 918?